actors of 4/(-20) + x/(-20)?
2, 13
Suppose 3*w + 693 = 3*y, y - 4*y + 4*w + 693 = 0. What are the prime factors of y?
3, 7, 11
Suppose 4 - 9 = 5*a. Let m be 0 + 2 + (a - -1). Suppose -x - d - 6 = 3*d, 2*d = -m*x. List the prime factors of x.
2
Suppose 9 = -2*o - 3. Let w be (14 + 13)*(-4)/o. Let m = w - 0. What are the prime factors of m?
2, 3
Suppose -59 = 5*s - 74. Let h be -21*1/6*-2. Let r = h - s. What are the prime factors of r?
2
Suppose -37 + 13 = -4*n. Let d be 380/65 + (-4)/(-26). Let t = n + d. What are the prime factors of t?
2, 3
Let o = 22 + -14. Let g(v) = 16*v + 31. What are the prime factors of g(o)?
3, 53
Let d be (5 - 2)*(-2)/(-3). Suppose -3 - 87 = -5*l. Suppose 0*q + d*q - l = 0. What are the prime factors of q?
3
Suppose -4*d = -9 - 11. Suppose q = -2*w - w - 38, 84 = -4*q + d*w. Let v = -19 - q. What are the prime factors of v?
7
Let n = 65 + -62. List the prime factors of n.
3
Let o be (-2 - -5) + (1 - 4). Suppose i + 0*a = -2*a + 38, o = 5*i - 4*a - 148. List the prime factors of i.
2
Let w be (-2 - 12/9)/((-14)/21). Suppose 4*n = w*f - 653, -3*n - 177 = -5*f + 479. What are the prime factors of f?
7, 19
Suppose -2*o + 3 = -3. Let n = -16 + 18. Suppose -f + o*b + 28 = 0, n*b - 51 = -2*f + 5. List the prime factors of f.
2, 7
Let c(d) = -347*d + 61. List the prime factors of c(-9).
2, 199
Suppose 25*u - 14468 = 21*u - 4*h, -4*u - 5*h = -14467. List the prime factors of u.
2, 3, 67
Let d(w) = 39*w**2 + 10. List the prime factors of d(-4).
2, 317
Let t(m) = -m**2 + 12*m. Let j = -39 - -49. List the prime factors of t(j).
2, 5
Let t = -44 - -45. Let k(c) = 110*c**3 - 2*c + 1. What are the prime factors of k(t)?
109
Let r = 10 - 6. Suppose -4*p - 3*i = -116, -i - i - 136 = -r*p. Suppose 102 = 2*k + p. List the prime factors of k.
5, 7
Suppose -9*y = -962 + 35. Let s = -43 + y. What are the prime factors of s?
2, 3, 5
Suppose -2*p + 17266 = 5390. List the prime factors of p.
2, 2969
Suppose -k + g - 3*g - 66 = 0, -2*g = -3*k - 214. Let b = k + 135. List the prime factors of b.
5, 13
Let g = 867 - 427. What are the prime factors of g?
2, 5, 11
Let w(i) be the third derivative of -13*i**6/720 + 7*i**4/24 - 4*i**2. Let r(g) be the second derivative of w(g). List the prime factors of r(-1).
13
Suppose 10 = 4*x - 6. Suppose 2 - 26 = -x*b. Suppose -30 = l - b*l. List the prime factors of l.
2, 3
Suppose r + 2*f + 21 = 2*r, 20 = -4*f. Let i = 5 - r. List the prime factors of i/15 - 274/(-10).
3
Suppose 5*m + 0*f + f = 41, 3*f = 3. Let r(d) = 7*d + 8. Let u be r(m). Suppose -3*s + n = -u, 2*n - 2 = -4. List the prime factors of s.
3, 7
Let w(a) = a - 1. Let k be w(12). List the prime factors of (-12 + k)/((-2)/8).
2
Suppose 2*o + 3*n - 1939 = 0, 0 = -3*o - 19*n + 18*n + 2919. List the prime factors of o.
2, 487
List the prime factors of 4 + 1 + 1 + (-235)/(-5).
53
Let y = 35 + 23. Suppose -5*v + p = -140 - y, -2*v = -p - 78. List the prime factors of v.
2, 5
Let j(i) be the second derivative of i**5/20 - 3*i**4/4 + i**3/3 - 6*i**2 + 7*i. Let l be j(9). Suppose l*v - 118 - 134 = 0. List the prime factors of v.
2, 3, 7
Suppose 0 = u - 5*l - 509, -2*u + 0*l - 4*l = -976. Suppose 2*k - 351 = i, 3*k + 5*i = -0*i + u. What are the prime factors of k?
173
Let i(t) = 854*t - 114. List the prime factors of i(2).
2, 797
List the prime factors of 19096/12 + (3 - -5)/(-24).
37, 43
Let j be (1 + 0)/((-1)/(-5)). Suppose -y = s + 2*y - 3, -j*y = -3*s + 9. Suppose -s*p = -8*p + 140. What are the prime factors of p?
2, 7
Suppose -3*d + 35 = 5*s, -5*d - 2 = -4*s - 11. Suppose 3*a = s*a - 58. What are the prime factors of a?
2, 29
Let f(z) = 199*z**2 + 2*z + 1. What are the prime factors of f(2)?
3, 89
Suppose 5*u - 80 + 2920 = 5*a, 543 = a + 4*u. List the prime factors of a.
563
Let f = 288 + -77. What are the prime factors of f?
211
Suppose 100 = -5*x + 5*h, 28 = -2*x - x - 5*h. Let j = -12 - x. Suppose 14 = 5*d + j*f, 5*d + 3*f - 6 = 2*d. What are the prime factors of d?
2, 3
Suppose 5*w = i + 2479, w - 2478 = -4*w + 2*i. List the prime factors of w.
2, 31
Let w(u) = u - 3. Let l be w(9). Suppose -11 = -3*q - 4*k, l*k - 21 = -5*q + 2*k. List the prime factors of q*(-6)/15*-13.
2, 13
Suppose 0*t - 5*a + 208 = 4*t, 5*t + a = 239. Suppose -4 = 14*b - 16*b. Suppose m = b*m - t. What are the prime factors of m?
47
Let u = -9 + 13. Suppose u*w + 5*l + 9 = 0, 24 = w - 3*l + 5. Suppose -n + 0*f + 18 = w*f, -5*f = 3*n - 82. List the prime factors of n.
2, 17
Let p(f) = 314*f**3 - 3*f**2 + 2*f - 4. List the prime factors of p(2).
2, 5
Suppose 3750 = 6*l + 4*l. List the prime factors of l.
3, 5
Let f = 10381 + -6811. What are the prime factors of f?
2, 3, 5, 7, 17
Suppose 4*s + r + 20 - 248 = 0, r - 57 = -s. Let g be 12/(-2)*8/(-3). Let z = s - g. What are the prime factors of z?
41
Suppose 4*l + 1 - 7 = -3*g, -4*g - 4*l = -8. Suppose -2*c + 260 = b, 3*b - 276 = -2*c - g*b. What are the prime factors of c?
2
Suppose -7*p + 3551 - 233 = 0. What are the prime factors of p?
2, 3, 79
Let t be (-2)/(-4)*-2*(-3 + 7). List the prime factors of (-461)/t + 2/(-8).
5, 23
Let j = -210 - -126. List the prime factors of j/18*(-7 - 2).
2, 3, 7
Let x be 27*(3 + 8/(-3)). Suppose 0 = -x*l + 11*l - 100. What are the prime factors of l?
2, 5
Suppose 1935 = -23*h + 7478. List the prime factors of h.
241
Suppose 0 = -6*b + 1853 + 5281. What are the prime factors of b?
29, 41
Suppose -1367 = -44*a + 2989. List the prime factors of a.
3, 11
Let w(b) = 5 + b + b**3 + 2 - 2*b**3. Suppose g + 2*j = 3*j + 4, 0 = -4*j - 16. What are the prime factors of w(g)?
7
Let h = 21 - -5. Suppose -h = u - 2*u. Suppose -u = -3*l + 46. List the prime factors of l.
2, 3
Suppose -157 = 7*t - 17. List the prime factors of 12/t - (-1613)/5.
2, 7, 23
Let r be ((-2)/2)/((4 + -3)/251). What are the prime factors of (0 - -3) + -5 - r?
3, 83
Let p(f) = 8*f**2 + 63*f - 98. List the prime factors of p(15).
2647
Suppose -2*k + 3*j = k - 171, -5*j = 3*k - 155. Let d = -24 + k. What are the prime factors of d?
31
Let z(b) = b**3 - 12*b**2 + 7*b - 3. Let h be z(9). Let w = h + 295. What are the prime factors of w?
2, 7
Let l = 1929 + -522. What are the prime factors of l?
3, 7, 67
Let a be -3 + 5/(20/32). Suppose -a*j = -110 + 10. List the prime factors of (-15)/j*(-60)/1.
3, 5
Let g = -4118 + 6507. What are the prime factors of g?
2389
Suppose 2 = -4*d + 6. What are the prime factors of d/((-3)/48*-2)?
2
Suppose 12 = -2*c + 6*c. Suppose 2*t - 270 = -c*b - 112, 0 = -3*t - 15. List the prime factors of b.
2, 7
Let o be (-2)/(-4)*-2 - 1. Let b = o - -11. Let p = -6 + b. List the prime factors of p.
3
Let s(x) = 227*x**3 + 3*x**2 + 3*x + 2. Let m(z) = 1135*z**3 + 16*z**2 + 16*z + 11. Let b(q) = 2*m(q) - 11*s(q). List the prime factors of b(-1).
227
Let y(i) = i**2 + 8*i - 10. Let a be y(-10). Let o be (-50)/15*(-24)/a. Let c(x) = x**3 - 8*x**2 + 3*x - 8. List the prime factors of c(o).
2
Suppose -2352 = -4*o - 4*f, 22*o - 17*o = 2*f + 2968. What are the prime factors of o?
2, 37
Suppose 0 = 2*b - s - 5, b + 0 + 2 = 2*s. Suppose c - b = -2. Suppose 0 = -f - 2*d + 15, -3*d = -c*f - 2*f + 93. List the prime factors of f.
3, 7
Let h be 2/3 + 388/12. List the prime factors of (-5)/(-3)*h - -1.
2, 7
Suppose -3*h + h = -394. Let v = -140 + h. What are the prime factors of v?
3, 19
Suppose -4*o - 4*u + 15004 = 0, 2*u + 3 = 1. List the prime factors of o.
2, 7, 67
Suppose 19*m = 9150 - 1550. List the prime factors of m.
2, 5
List the prime factors of (-809)/((-29)/87*(-6)/(-4)).
2, 809
Let y(u) = -u - 3. Let o be y(-4). Let r = -15 + -4. Let m = o - r. What are the prime factors of m?
2, 5
Suppose 2*k - 33 = 2*u + 3*u, -3*k + 5*u = -47. Let n = k - 12. Suppose -5*i + n*o - o = -124, -140 = -5*i + 5*o. List the prime factors of i.
2, 3
Let z = 40 - 36. Suppose 0 = -y - 5*n + 196 - 59, 3*y + z*n = 356. List the prime factors of y.
2, 7
Let m = 15 - 10. Suppose m*a = 2*x - 4*x + 151, 3*x = -3*a + 96. Suppose -4*l - 29 = -3*y, -12 = -4*y + 3*l + a. List the prime factors of y.
11
Let n = -437 + 976. What are the prime factors of n?
7, 11
Suppose 0 = q - t - 211, 3*q = q - 2*t + 442. Suppose -12*r + 14*r = q. Suppose 5*a - r - 72 = 0. List the prime factors of a.
2, 3
Suppose -j + 4 = 2. Suppose 4*a - j = 2*a. List the prime 